{"id":17658,"date":"2023-12-17T18:59:08","date_gmt":"2023-12-17T17:59:08","guid":{"rendered":"https:\/\/www.telegim.tv\/particulares\/?page_id=17658"},"modified":"2024-05-29T18:10:16","modified_gmt":"2024-05-29T16:10:16","slug":"taichi","status":"publish","type":"page","link":"https:\/\/www.telegim.tv\/particulares\/taichi\/","title":{"rendered":"<!-- Taichi Presentaci\u00f3n -->"},"content":{"rendered":"<p><center><\/p>\n<p align=\"center\" font-size=\"+1\">Video Clases de Taichi en casa<\/p>\n<p><video class=\"videowh\" controls preload=\"auto\"><source src=\"https:\/\/www.telegim.tv\/particulares\/videos\/210511-video-promocional-taichi-fondo-blanco.mp4\"\/><\/video>\t<\/p>\n<p align=\"center\"><a href=\"https:\/\/www.telegim.tv\/particulares\/suscripcionesvirtualgym\/\" role=\"button\"><img decoding=\"async\" src=\"https:\/\/www.telegim.tv\/particulares\/Imagenes\/empezaraentrenar.png\" width=\"90%\" style=\"max-width:250px\" alt=\"\" title=\"Imagen\" fetchpriority=\"high\"><\/a><\/p>\n<p><\/p>\n<p align=\"center\">\nEl Taich\u00ed, una antiqu\u00edsima disciplina china conocida por sus movimientos suaves y fluidos, se ha convertido en una excelente opci\u00f3n para mantenerse f\u00edsica y mentalmente equilibrado desde la comodidad de tu hogar. No necesitas de grandes espacios para practicarlo, tan solo un poco de paz y tranquilidad. \u00bfY qu\u00e9 mejor lugar para encontrar eso que tu propio sal\u00f3n? Gracias a las clases de taich\u00ed en l\u00ednea, puedes transformar cualquier rinc\u00f3n de tu casa en tu propio templo de bienestar. <\/p>\n<p>## Despierta tu Energ\u00eda Interior con Clases de Taich\u00ed en tu Sal\u00f3n<br \/>\nCada gesto, cada paso, cada postura en una clase de taich\u00ed est\u00e1 dise\u00f1ada para despertar tu energ\u00eda vital y canalizarla a trav\u00e9s de todo tu cuerpo. Con el taich\u00ed, puedes aprender a moverte con gracia y control, a la vez que mejoras tu equilibrio, fuerza y flexibilidad. Y no solo eso, este arte marcial tambi\u00e9n te ayuda a reducir el estr\u00e9s, aumentar tu concentraci\u00f3n y fomentar un estado de paz y tranquilidad en tu interior. Las clases de taich\u00ed en l\u00ednea te permiten sumergirte en esta pr\u00e1ctica milenaria, sin importar el clima o la hora. Solo necesitas un espacio despejado en tu sal\u00f3n y una conexi\u00f3n a internet.<\/p>\n<p>## \u00a1Transforma tu Sal\u00f3n en un Templo de Taich\u00ed desde tu Pantalla!<br \/>\nCuando sigues una clase de taich\u00ed en l\u00ednea, tu sal\u00f3n se convierte en tu propio estudio de taich\u00ed. No hay que preocuparse por el equipo; las zapatillas de deporte c\u00f3modas y ropa que permita moverse libremente son todo lo que necesitas. A trav\u00e9s de videos con instrucciones claras y precisas, puedes aprender a tu propio ritmo, repitiendo los movimientos tantas veces como necesites hasta que te sientas c\u00f3modo. Lo mejor de todo es que tienes la libertad de practicar cuando quieras y donde quieras, solo necesitas tu pantalla y tu motivaci\u00f3n para moverte.<\/p>\n<p>===<br \/>\nEl taich\u00ed es m\u00e1s que una simple forma de ejercicio, es una filosof\u00eda de vida que te ense\u00f1a a moverte con conciencia y a conectar con la energ\u00eda que fluye en tu interior. Ya sea que est\u00e9s buscando una forma de mantener activo tu cuerpo, calmar tu mente o simplemente probar algo nuevo, las clases de taich\u00ed en l\u00ednea son una opci\u00f3n fant\u00e1stica. As\u00ed que no esperes m\u00e1s, transforma tu sal\u00f3n en tu propio templo de taich\u00ed y experimenta los beneficios de esta maravillosa disciplina.\n<\/p>\n<p><\/p>\n<table width=\"98%\" cellpadding=\"0\" cellspacing=\"0\">\n<tr>\n<td colspan=\"2\" height=\"8px\"><\/td>\n<td colspan=\"3\" class=\"tablamovil1\" height=\"8px\"><\/td>\n<\/tr>\n<tr>\n<td align=\"center\" width=\"20%\">\n      <a href=\"https:\/\/www.telegim.tv\/particulares\/videos\/ciclo-indoor\/\" title=\"Video clases Ciclo Indoor Spinning Melcior Mauri para entrenar en casa\"><br \/>\n      <img decoding=\"async\" class=\"rounded2\" width=\"100%\" src=\"https:\/\/www.telegim.tv\/particulares\/Imagenes\/2020\/grandes\/cartela-ciclo-home.png\" alt=\"Video clases Ciclo Indoor Spinning Melcior Mauri para entrenar en casa\" title=\"Imagen\" loading=\"lazy\" fetchpriority=\"low\"><br \/>\n      <\/a>\n  <\/td>\n<td align=\"center\" width=\"20%\">\n      <a href=\"https:\/\/www.telegim.tv\/particulares\/videos\/visualcycling\/\" title=\"Video Clases de Ciclo Visual Routes\"><br \/>\n      <img decoding=\"async\" class=\"rounded2\" width=\"100%\" src=\"https:\/\/www.telegim.tv\/particulares\/Imagenes\/2020\/grandes\/cartela-ciclo-visual.png\" alt=\"Video Clases de Ciclo Visual Routes\" title=\"Imagen\" loading=\"lazy\" fetchpriority=\"low\"><br \/>\n      <\/a>\n  <\/td>\n<td align=\"center\" width=\"20%\" class=\"tablamovil1\">\n      <a href=\"https:\/\/www.telegim.tv\/particulares\/videos\/aerobic\/\" title=\"V\u00eddeo Clases de Aerobic para entrenar en casa\"><br \/>\n      <img decoding=\"async\" class=\"rounded2\" width=\"100%\" src=\"https:\/\/www.telegim.tv\/particulares\/Imagenes\/2020\/grandes\/140910-cartela-aerobic.png\" alt=\"Video clases aerobic para casa\" title=\"Imagen\" loading=\"lazy\" fetchpriority=\"low\"><br \/>\n      <\/a>\n  <\/td>\n<td align=\"center\" width=\"20%\" class=\"tablamovil1\">\n     <a href=\"https:\/\/www.telegim.tv\/particulares\/videos\/gap\/\" title=\"Video clases de GAP COMBAT y ABDOMINALES para entrenar en casa\"><br \/>\n     <img decoding=\"async\" class=\"rounded2\" width=\"100%\" src=\"https:\/\/www.telegim.tv\/particulares\/Imagenes\/2020\/grandes\/combat-gab-abdominales-mini.png\" alt=\"Video Clases de GAP COMBAT y ABDOMINALES para entrenar en casa\" title=\"Imagen\" loading=\"lazy\" fetchpriority=\"low\"><br \/>\n     <\/a>\n  <\/td>\n<td align=\"center\" width=\"20%\" class=\"tablamovil1\">\n\t   <a href=\"https:\/\/www.telegim.tv\/particulares\/videos\/boxing\/\" title=\"Video Clases de Boxing para entrenar en casa\"><br \/>\n       <img decoding=\"async\" class=\"rounded2\" width=\"100%\" src=\"https:\/\/www.telegim.tv\/particulares\/Imagenes\/2020\/grandes\/cartela-boxing.png\" alt=\"Video Clase de Boxing para entrenar en casa\" title=\"Imagen\" loading=\"lazy\" fetchpriority=\"low\"><br \/>\n       <\/a>\n   <\/td>\n<\/tr>\n<tr>\n<td colspan=\"2\" height=\"8px\"><\/td>\n<td colspan=\"3\" class=\"tablamovil1\" height=\"8px\"><\/td>\n<\/tr>\n<tr>\n<td align=\"center\">\n\t   <a href=\"https:\/\/www.telegim.tv\/particulares\/videos\/step\/\" title=\"Video Clases de Step y TBC Total Body Aconditionament para casa\"><br \/>\n       <img decoding=\"async\" class=\"rounded2\" width=\"100%\" src=\"https:\/\/www.telegim.tv\/particulares\/Imagenes\/2020\/grandes\/140910-cartela-step.png\" alt=\"Video Clases de Step y TBC para realizar en casa\" title=\"Imagen\" loading=\"lazy\" fetchpriority=\"low\"><br \/>\n\t   <\/a>\n   <\/td>\n<td align=\"center\">\n\t   <a href=\"https:\/\/www.telegim.tv\/particulares\/videos\/tonificacion\/\" title=\"Video Class de Tonificaci\u00f3n para realizr en casa\"><br \/>\n       <img decoding=\"async\" class=\"rounded2\" width=\"100%\" src=\"https:\/\/www.telegim.tv\/particulares\/Imagenes\/2020\/grandes\/140910-cartela-tono.png\" alt=\"Video Clase de Tonificaci\u00f3n para realizar en casa\" title=\"Imagen\" loading=\"lazy\" fetchpriority=\"low\"><br \/>\n       <\/a>\n   <\/td>\n<td align=\"center\" class=\"tablamovil1\">\n\t  <a href=\"https:\/\/www.telegim.tv\/particulares\/videos\/yoga\/\" title=\"Video Clases de Yoga, Pilates y Estiramientos para casa\"><br \/>\n      <img decoding=\"async\" class=\"rounded2\" width=\"100%\" src=\"https:\/\/www.telegim.tv\/particulares\/Imagenes\/2020\/grandes\/cartela-pilates-yoga-estiramientos.png\" alt=\"Video Clases de Yoga, Pilates y Estiramientos para casa\" title=\"Imagen\" loading=\"lazy\" fetchpriority=\"low\"><br \/>\n\t  <\/a>\n   <\/td>\n<td align=\"center\" class=\"tablamovil1\">\n\t <a href=\"https:\/\/www.telegim.tv\/particulares\/videos\/elipticaindoor\/\" title=\"Video Clases de El\u00edptica Indoor Indoorwalking para entrenar en casa\"><br \/>\n     <img decoding=\"async\" class=\"rounded2\" width=\"100%\" src=\"https:\/\/www.telegim.tv\/particulares\/Imagenes\/2020\/grandes\/eliptica-indoor.png\" alt=\"Video Clases de El\u00edptica Indoor para casa\" title=\"Imagen\" loading=\"lazy\" fetchpriority=\"low\"><br \/>\n     <\/a>\n   <\/td>\n<td align=\"center\" class=\"tablamovil1\">\n     <a href=\"https:\/\/www.telegim.tv\/particulares\/videos\/visualeliptica\/\" title=\"Video clases de Eliptica Visual Routes para entrenar en casa\"><br \/>\n     <img decoding=\"async\" class=\"rounded2\" width=\"100%\" src=\"https:\/\/www.telegim.tv\/particulares\/Imagenes\/2020\/grandes\/cartela-eliptica-visual.png\" alt=\"Video Clases deEliptica Visual Routes\" title=\"Imagen\" loading=\"lazy\" fetchpriority=\"low\"><br \/>\n     <\/a>\n   <\/td>\n<\/tr>\n<tr>\n<td colspan=\"2\" class=\"tablamovil2m\" height=\"8px\"><\/td>\n<td colspan=\"3\" class=\"tablamovil3m\"><\/td>\n<\/tr>\n<tr>\n<td align=\"center\" class=\"tablamovil2m\">\n      <a href=\"https:\/\/www.telegim.tv\/particulares\/videos\/aerobic\/\" title=\"V\u00eddeo Clases de Aerobic para entrenar en casa\"><br \/>\n      <img decoding=\"async\" class=\"rounded2\" width=\"100%\" src=\"https:\/\/www.telegim.tv\/particulares\/Imagenes\/2020\/140910-cartela-aerobic.png\" alt=\"Video clases aerobic para casa\" title=\"Imagen\" loading=\"lazy\" fetchpriority=\"low\"><br \/>\n      <\/a>\n  <\/td>\n<td align=\"center\" class=\"tablamovil2m\">\n     <a href=\"https:\/\/www.telegim.tv\/particulares\/videos\/gap\/\" title=\"Video clases de GAP COMBAT y ABDOMINALES para entrenar en casa\"><br \/>\n     <img decoding=\"async\" class=\"rounded2\" width=\"100%\" src=\"https:\/\/www.telegim.tv\/particulares\/Imagenes\/2020\/combat-gab-abdominales-mini.png\" alt=\"Video Clases de GAP COMBAT y ABDOMINALES para entrenar en casa\" title=\"Imagen\" loading=\"lazy\" fetchpriority=\"low\"><br \/>\n     <\/a>\n  <\/td>\n<td align=\"center\" class=\"tablamovil3m\">\n  <\/td>\n<td align=\"center\" class=\"tablamovil3m\">\n  <\/td>\n<td align=\"center\" class=\"tablamovil3m\">\n  <\/td>\n<\/tr>\n<tr>\n<td colspan=\"2\" class=\"tablamovil2m\" height=\"8px\"><\/td>\n<td colspan=\"3\" class=\"tablamovil3m\"><\/td>\n<\/tr>\n<tr>\n<td align=\"center\" class=\"tablamovil2m\">\n\t   <a href=\"https:\/\/www.telegim.tv\/particulares\/videos\/boxing\/\" title=\"Video Clases de Boxing para entrenar en casa\"><br \/>\n       <img decoding=\"async\" class=\"rounded2\" width=\"100%\" src=\"https:\/\/www.telegim.tv\/particulares\/Imagenes\/2020\/grandes\/cartela-boxing.png\" alt=\"Video Clase de Boxing para entrenar en casa\" title=\"Imagen\" loading=\"lazy\" fetchpriority=\"low\"><br \/>\n       <\/a>\n   <\/td>\n<td align=\"center\" class=\"tablamovil2m\">\n\t  <a href=\"https:\/\/www.telegim.tv\/particulares\/videos\/yoga\/\" title=\"Video Clases de Yoga, Pilates y Estiramientos para entrenar en casa\"><br \/>\n      <img decoding=\"async\" class=\"rounded2\" width=\"100%\" src=\"https:\/\/www.telegim.tv\/particulares\/Imagenes\/2020\/grandes\/cartela-pilates-yoga-estiramientos.png\" alt=\"Video Clases de Yoga, Pilates y Estiramientos para casa\" title=\"Imagen\" loading=\"lazy\" fetchpriority=\"low\"><br \/>\n\t  <\/a>\n  <\/td>\n<td align=\"center\" class=\"tablamovil3m\">\n  <\/td>\n<td align=\"center\" class=\"tablamovil3m\">\n  <\/td>\n<td align=\"center\" class=\"tablamovil3m\">\n  <\/td>\n<\/tr>\n<tr>\n<td colspan=\"2\" class=\"tablamovil2m\" height=\"8px\"><\/td>\n<td colspan=\"3\" class=\"tablamovil3m\"><\/td>\n<\/tr>\n<tr>\n<td align=\"center\" class=\"tablamovil2m\">\n\t <a href=\"https:\/\/www.telegim.tv\/particulares\/videos\/elipticaindoor\/\" title=\"Video Clases de El\u00edptica Indoor Indoorwalking para entrenar en casa\"><br \/>\n     <img decoding=\"async\" class=\"rounded2\" width=\"100%\" src=\"https:\/\/www.telegim.tv\/particulares\/Imagenes\/2020\/eliptica-indoor.png\" alt=\"Video Clases de El\u00edptica Indoor para casa\" title=\"Imagen\" loading=\"lazy\" fetchpriority=\"low\"><br \/>\n     <\/a>\n   <\/td>\n<td align=\"center\" class=\"tablamovil2m\">\n     <a href=\"https:\/\/www.telegim.tv\/particulares\/videos\/visualeliptica\/\" title=\"Video clases de Eliptica Visual Routes para entrenar en casa\"><br \/>\n     <img decoding=\"async\" class=\"rounded2\" width=\"100%\" src=\"https:\/\/www.telegim.tv\/particulares\/Imagenes\/2020\/cartela-eliptica-visual.png\" alt=\"Video Clases deEliptica Visual Routes\" title=\"Imagen\" loading=\"lazy\" fetchpriority=\"low\"><br \/>\n     <\/a>\n   <\/td>\n<td align=\"center\" class=\"tablamovil3m\">\n  <\/td>\n<td align=\"center\" class=\"tablamovil3m\">\n  <\/td>\n<td align=\"center\" class=\"tablamovil3m\">\n  <\/td>\n<\/tr>\n<tr>\n<td colspan=\"2\" class=\"tablamovil2m\" height=\"8px\"><\/td>\n<td colspan=\"3\" class=\"tablamovil3m\"><\/td>\n<\/tr>\n<\/table>\n<p><\/center><\/p>\n<div class=\"rtng-rating-total\" data-id=\"17658\"><span class=\"rtng-text rtng-title\">Puntuaci\u00f3n media<\/span><div class=\"rtng-star-rating rtng-no-js \" data-rating=\"0\"><div class=\"rtng-star\" data-rating=\"1\">\n\t\t\t\t\t<span class=\"dashicons dashicons-star-empty\"><\/span>\n\t\t\t\t<\/div><div class=\"rtng-star\" data-rating=\"2\">\n\t\t\t\t\t<span class=\"dashicons dashicons-star-empty\"><\/span>\n\t\t\t\t<\/div><div class=\"rtng-star\" data-rating=\"3\">\n\t\t\t\t\t<span class=\"dashicons dashicons-star-empty\"><\/span>\n\t\t\t\t<\/div><div class=\"rtng-star\" data-rating=\"4\">\n\t\t\t\t\t<span class=\"dashicons dashicons-star-empty\"><\/span>\n\t\t\t\t<\/div><div class=\"rtng-star\" data-rating=\"5\">\n\t\t\t\t\t<span class=\"dashicons dashicons-star-empty\"><\/span>\n\t\t\t\t<\/div><\/div><span class=\"rtng-text rtng-total\">Sistema Operativo<\/span><\/div> <div class=\"rtng-need-login\">Debe <a href=\"https:\/\/www.telegim.tv\/particulares\/wp-login.php\">iniciar sesi\u00f3n<\/a> enviar una opini\u00f3n.<\/div>","protected":false},"excerpt":{"rendered":"<p>Video Clases de Taichi en casa El Taich\u00ed, una antiqu\u00edsima disciplina china conocida por sus movimientos suaves y fluidos, se ha convertido en una excelente opci\u00f3n para mantenerse f\u00edsica y mentalmente equilibrado desde la comodidad de tu hogar. No necesitas de grandes espacios para practicarlo, tan solo un poco de paz y tranquilidad. \u00bfY qu\u00e9 [&hellip;]<\/p>\n","protected":false},"author":94616,"featured_media":0,"parent":0,"menu_order":0,"comment_status":"closed","ping_status":"closed","template":"","meta":{"footnotes":""},"class_list":["post-17658","page","type-page","status-publish","hentry"],"_links":{"self":[{"href":"https:\/\/www.telegim.tv\/particulares\/wp-json\/wp\/v2\/pages\/17658","targetHints":{"allow":["GET"]}}],"collection":[{"href":"https:\/\/www.telegim.tv\/particulares\/wp-json\/wp\/v2\/pages"}],"about":[{"href":"https:\/\/www.telegim.tv\/particulares\/wp-json\/wp\/v2\/types\/page"}],"author":[{"embeddable":true,"href":"https:\/\/www.telegim.tv\/particulares\/wp-json\/wp\/v2\/users\/94616"}],"replies":[{"embeddable":true,"href":"https:\/\/www.telegim.tv\/particulares\/wp-json\/wp\/v2\/comments?post=17658"}],"version-history":[{"count":0,"href":"https:\/\/www.telegim.tv\/particulares\/wp-json\/wp\/v2\/pages\/17658\/revisions"}],"wp:attachment":[{"href":"https:\/\/www.telegim.tv\/particulares\/wp-json\/wp\/v2\/media?parent=17658"}],"curies":[{"name":"wp","href":"https:\/\/api.w.org\/{rel}","templated":true}]}}