{"id":14614,"date":"2024-01-11T10:08:38","date_gmt":"2024-01-11T09:08:38","guid":{"rendered":"https:\/\/www.telegim.tv\/particulares\/?page_id=14614"},"modified":"2024-05-21T16:36:27","modified_gmt":"2024-05-21T14:36:27","slug":"confirmacionsuscripcion","status":"publish","type":"page","link":"https:\/\/www.telegim.tv\/particulares\/confirmacionsuscripcion\/","title":{"rendered":"Confirmaci\u00f3n Suscripci\u00f3n a TelegimTV HOME por VISA\/Stripe"},"content":{"rendered":"<div style=\"text-aling:center\">\n<div style=\"width: 50%; margin-left: auto; margin-right: auto\">\n<br><br>(1) Error de Transacci\u00f3n : No se ha podido tramitar la suscripci\u00f3n por VISA. Int\u00e9ntelo m\u00e1s tarde o contactenmos por email a telegim@telegim.tv o por tel\u00e9fono al +34 932659070. Gracias y disculpe las molestias !.<br \/>\n<br \/>\n<br><br>Error Actualizando la ficha del Usuario.\n<\/div>\n<\/div>\n<div class=\"rtng-rating-total\" data-id=\"14614\"><span class=\"rtng-text rtng-title\">Puntuaci\u00f3n media<\/span><div class=\"rtng-star-rating rtng-no-js \" data-rating=\"0\"><div class=\"rtng-star\" data-rating=\"1\">\n\t\t\t\t\t<span class=\"dashicons dashicons-star-empty\"><\/span>\n\t\t\t\t<\/div><div class=\"rtng-star\" data-rating=\"2\">\n\t\t\t\t\t<span class=\"dashicons dashicons-star-empty\"><\/span>\n\t\t\t\t<\/div><div class=\"rtng-star\" data-rating=\"3\">\n\t\t\t\t\t<span class=\"dashicons dashicons-star-empty\"><\/span>\n\t\t\t\t<\/div><div class=\"rtng-star\" data-rating=\"4\">\n\t\t\t\t\t<span class=\"dashicons dashicons-star-empty\"><\/span>\n\t\t\t\t<\/div><div class=\"rtng-star\" data-rating=\"5\">\n\t\t\t\t\t<span class=\"dashicons dashicons-star-empty\"><\/span>\n\t\t\t\t<\/div><\/div><span class=\"rtng-text rtng-total\">Sistema Operativo<\/span><\/div> <div class=\"rtng-need-login\">Debe <a href=\"https:\/\/www.telegim.tv\/particulares\/wp-login.php\">iniciar sesi\u00f3n<\/a> enviar una opini\u00f3n.<\/div>","protected":false},"excerpt":{"rendered":"<p>Puntuaci\u00f3n media Sistema Operativo Debe iniciar sesi\u00f3n enviar una opini\u00f3n.<\/p>\n","protected":false},"author":94616,"featured_media":0,"parent":0,"menu_order":0,"comment_status":"closed","ping_status":"closed","template":"","meta":{"footnotes":""},"class_list":["post-14614","page","type-page","status-publish","hentry"],"_links":{"self":[{"href":"https:\/\/www.telegim.tv\/particulares\/wp-json\/wp\/v2\/pages\/14614","targetHints":{"allow":["GET"]}}],"collection":[{"href":"https:\/\/www.telegim.tv\/particulares\/wp-json\/wp\/v2\/pages"}],"about":[{"href":"https:\/\/www.telegim.tv\/particulares\/wp-json\/wp\/v2\/types\/page"}],"author":[{"embeddable":true,"href":"https:\/\/www.telegim.tv\/particulares\/wp-json\/wp\/v2\/users\/94616"}],"replies":[{"embeddable":true,"href":"https:\/\/www.telegim.tv\/particulares\/wp-json\/wp\/v2\/comments?post=14614"}],"version-history":[{"count":1,"href":"https:\/\/www.telegim.tv\/particulares\/wp-json\/wp\/v2\/pages\/14614\/revisions"}],"predecessor-version":[{"id":25423,"href":"https:\/\/www.telegim.tv\/particulares\/wp-json\/wp\/v2\/pages\/14614\/revisions\/25423"}],"wp:attachment":[{"href":"https:\/\/www.telegim.tv\/particulares\/wp-json\/wp\/v2\/media?parent=14614"}],"curies":[{"name":"wp","href":"https:\/\/api.w.org\/{rel}","templated":true}]}}